*o**3 + 49*o**2 - 31*o + 19. Is s(14) a composite number?
True
Let x be (-16)/10 - (-40 - 8415/(-225)). Let u = 5 - 8. Is -290*(u + (-10)/(-4))/x a composite number?
True
Suppose 16 = 3*u - 119. Let k = u + -53. Let r = k - -66. Is r prime?
False
Let r(o) = -3249*o - 1267. Is r(-37) a prime number?
False
Let h = 939 - 932. Is (4 - -1374) + 0 - h composite?
True
Let v(d) = -2*d. Let f be v(-2). Suppose -11*u - 1 + 34 = 0. Suppose 0 = y - 4, 4*y + 2728 = f*k + u*y. Is k prime?
True
Let t be 2 - ((-30)/4)/((-3)/(-6)). Suppose 0 = -10*f + t*f - 24983. Suppose f + 16840 = 3*l. Is l composite?
False
Suppose 3614 = -x - 0*x. Let c = 340 - x. Suppose -6*z = -c + 396. Is z a prime number?
True
Let p(q) = 6502*q + 31. Let k be p(2). Suppose 0*h + 2*g + k = h, -4*h = 2*g - 52190. Is h composite?
True
Suppose -2*r = -5*i - 20, 5*r + 5*i - 6 = -26. Suppose s + r = -1, 5*z = -5*s + 35190. Is z a composite number?
False
Let c = -24 + 23. Let s be c - ((4 - 4) + -6). Suppose -2*j = -j - s*i - 246, 0 = j - 3*i - 248. Is j composite?
False
Suppose 0 = 46*r - 39*r + 4158. Is 2/27 - 1069750/r a prime number?
True
Suppose 0 = -7*o - 3*o + 40. Suppose 0 = -o*l + 8978 - 306. Suppose -2*g - 2*f - 482 = -l, -4*g + 3368 = 3*f. Is g prime?
True
Let f(m) = -m**3 + m**2 + 9*m - 7. Let x be f(3). Let i(h) = 3*h - 2*h - 13*h**2 + h - 2 + 236*h**x. Is i(1) a composite number?
False
Let c = -52696 - -104523. Is c composite?
False
Let v = -75333 + 130679. Is v a prime number?
False
Let u = -3413 - -19916. Is u a composite number?
True
Let o = 142513 + -99276. Suppose 5*p = 129842 - o. Is p a prime number?
True
Let o = 11943 + 57226. Is o composite?
True
Let y(h) = 369*h**2 - 17*h + 283. Is y(-18) a prime number?
False
Let h(g) be the first derivative of -35 - 9*g - 685/2*g**2. Is h(-2) composite?
False
Let m = -55272 - -105727. Is m prime?
False
Let o(r) = 765*r**2 + 11. Let z(n) = -n**2 - 10*n - 6. Let c be z(-9). Let u be o(c). Suppose 4*t - u = -m, -4*m + 6 = -10. Is t a composite number?
False
Suppose 14*r - 90 = -7*r - 132. Let g = 54 - 30. Is 6826/8 - r/g*-3 prime?
True
Let i(a) be the third derivative of a**2 + 0*a + 1/60*a**5 + 19/6*a**3 + 19/24*a**4 + 0. Is i(27) composite?
True
Let p be (-380)/5*(-3)/(-4). Let k = 81 + p. Let t = k - -79. Is t prime?
True
Let a = -22542 + 26983. Is a prime?
True
Suppose 1015092 = -8*w - 10*w + 3455154. Is w a prime number?
True
Let n(g) = -1448*g**3 - 13*g**2 - 20*g + 7. Is n(-4) a composite number?
False
Let x(d) = 1832 - 915 - 912 + 246*d**2. Is x(-2) prime?
False
Let g be (-15 - -17) + (-4644)/3. Let c = g - -6209. Is c a prime number?
True
Suppose -3*o = -3*f + 3 - 12, 4*f - 12 = -2*o. Suppose 14*z + o*y = 12*z + 55510, 3*z = 5*y + 83276. Is z prime?
False
Let v = 6913 + 28068. Is v composite?
False
Let w be (-7)/(280/(-195)) - (-1)/8. Suppose -5*r - 3*g + 5*g = -29763, -5*r - w*g + 29770 = 0. Is r composite?
False
Let w(j) = 10 + 11 - 13*j**2 - j**3 - j - 18. Let g be w(-10). Let k = -54 - g. Is k composite?
False
Let k(d) = 41*d + 4. Let x be k(1). Suppose -a = x - 1392. Is a prime?
False
Let o = 30081 - 12040. Suppose -k + o = -0*k. Is k prime?
True
Let g be (-14 - (-742)/56)*-4. Suppose -5*f = -2 - 8. Is ((-339)/g)/((-2)/f) a composite number?
False
Suppose w - 3*q + 7*q - 381489 = 0, 5*w = -3*q + 1907411. Is w composite?
False
Let h(m) = 6*m - 159. Let u be h(22). Is u/(-72) - (-35545)/40 prime?
False
Let n = 266729 - -27710. Is n a composite number?
False
Let f be 2 - ((-3)/(-3) - -1). Suppose 2*t - 3*t + 2 = f. Suppose 5*z - 12287 = -2*b, -b + 9824 = 4*z + t*b. Is z prime?
True
Suppose -4*x - 2*d + 84978 = 0, 4*d = 257 - 277. Is x composite?
False
Let v be (-36)/42 + 2/(-14). Let w be 8*2*v/(-8). Is -1 + (1*-5)/(w/(-38)) composite?
True
Suppose 4*j - 47 + 15 = -4*g, -3*j + 12 = 0. Suppose g*q = -2*b + 57874, 2*q - 7*q = b - 72350. Is q prime?
False
Suppose 15534 = -d - 62914. Let l = -50826 - d. Suppose -a - 13*a = -l. Is a a composite number?
False
Let f(z) = -z**3 + 13*z**2 - 18*z - 22. Let x be f(11). Suppose -4*s - m = m + 14, 4*m = -2*s - x. Is 1/(5/3345 + (-1 - s)) a composite number?
True
Suppose -14*c + 337347 - 30471 = -2*c. Is c a prime number?
False
Let q(y) = 40*y**2 - 21*y + 28. Let a = -850 + 841. Is q(a) a prime number?
True
Suppose 21*j = 670157 + 676048. Is j composite?
True
Let v be 18*3/6 - 4. Suppose 0*k + c + 78 = v*k, -26 = -k - 5*c. Is 11052/21 - k/56 a composite number?
True
Let g(o) = 36*o**2 - 66*o - 43. Let c = -194 - -175. Is g(c) a composite number?
False
Suppose -2447 = 6*n - 533. Let w = n + -421. Let b = 1743 + w. Is b composite?
True
Suppose 58 + 299 = 17*z. Suppose -12*l = -z*l + 94491. Is l a composite number?
False
Let u(c) = 268*c**2 + 7*c - 22. Is u(7) composite?
False
Let d = 1290393 - 446872. Is d prime?
False
Let n be (-1 - 8) + (15 - 8). Let u(h) = -3995*h - 5. Is u(n) composite?
True
Let o(q) = -3*q**2 - 56*q - 21. Let w be o(-18). Suppose w*u - 623 = 14*u. Is u a composite number?
True
Suppose 12*d + 8*d - 123*d + 36262489 = 0. Is d composite?
True
Suppose -j + 6877 + 12910 = 5*c, -c - 5*j + 3967 = 0. Is c a composite number?
True
Suppose 4*j - 26790 = -5*v + 54101, v + 5*j - 16195 = 0. Let r = -8724 + v. Is r a prime number?
True
Let r(v) = v**3 - 2*v**2 + 3. Let f be r(0). Let g be 3 - 28 - f - -2. Is (-111345)/g - (-1)/2 a composite number?
False
Suppose 2*z - 27183 = -z - 5*s, 0 = 3*z - s - 27183. Let g = z + -17040. Is 1 - 1 - (g - (9 - 3)) a prime number?
False
Let m = 124677 + -16616. Is m a composite number?
False
Let k(n) = -3*n**2 + 5*n - 46. Let i be k(11). Let c = i + 1393. Is c a composite number?
False
Let j = 1565137 + -141218. Is j a composite number?
True
Let q(u) = 1678*u. Let a be q(-4). Suppose -28*c + 23*c = -5. Is (a/(-8))/(c/1) a composite number?
False
Let c(m) = 7*m - 52. Let a be c(7). Let u be 4/a*(-9)/12*-4. Is 138/u*(-5 + -2 + 5) prime?
False
Suppose 523*b - 519*b - 1549846 = 337710. Is b a composite number?
True
Suppose -97*l + 102*l = -n + 762302, 3*l - 457371 = -4*n. Is l a composite number?
False
Suppose -570870 = 15*k - 1674435. Is k composite?
False
Let b = 263 + -167. Suppose b = 13*g - 7*g. Suppose -598 = g*u - 18*u. Is u prime?
False
Suppose 5*n = -t + 545, -2*t = -6*t - 20. Suppose 103*r = n*r - 14903. Is r composite?
False
Let w = -33827 + 115158. Is w a prime number?
True
Suppose 0 = 5*q + 28891 - 178166. Suppose 1208*g + q = 1213*g. Is g prime?
False
Suppose 5*n - 4*f = -2*f - 25, 0 = -n - 4*f - 27. Let u(z) = 2*z + 19. Let q be u(n). Suppose 2*o - 4*l = 3491 - 713, -l + 7000 = q*o. Is o composite?
False
Suppose 5*b = -5 - 5. Let t be (b/2)/(6/(-18222)). Suppose -4*m = s + m - t, 5*m = 0. Is s a composite number?
False
Let z(w) = -w. Let u be z(-5). Suppose 2*h + 10 = 2*t, 0 = u*t + h + 2*h - 9. Suppose 4*s + 1485 = j, 3*s + 6 - t = 0. Is j a prime number?
True
Let y = 14 - 55. Let h = 48 + y. Suppose h*c - 6*c = 2761. Is c a prime number?
False
Suppose 2*i + h = -h + 19178, 4*h + 9569 = i. Suppose 0*f - 3*a - i = -3*f, 3187 = f - 5*a. Is f composite?
True
Suppose -2*i + 30*t = 25*t - 1223077, 6 = -2*t. Is i a composite number?
False
Suppose -4*s = -2*a + 502, -2*a + 352 = s - 165. Suppose 3*x - a = 940. Let f = 1196 - x. Is f composite?
False
Let o(k) = 14*k - 265. Let v be o(19). Is (44/110)/(v/1345) a prime number?
False
Let z be (32526/8 - 10) + (-2)/(-8). Let l(k) = 256*k**2 + 2*k - 5. Let i be l(-4). Suppose -5*j - z = -3*a, -j = 3*a + 3*j - i. Is a composite?
True
Let j be (62/3)/(-3 - (-1844)/612). Let o = j - 166. Is o composite?
True
Is 412/(10/(-5))*7297/(-2) a prime number?
False
Let s(z) = z**2 - 5*z - 21. Let u be s(8). Let g(c) = -4*c + 529 - 2*c**u - c**2 + c + 3*c**3 + 610. Is g(0) a prime number?
False
Suppose -3*q + 2*n = 14891, -4*q + 9751 = 4*n + 29579. Let o = 23817 - 15999. Let w = q + o. Is w a prime number?
True
Let v(j) = -870*j - 23. Let z(n) = 867*n + 24. Let x(w) = -5*v(w) - 4*z(w). Is x(7) a composite number?
True
Let j(u) = -810*u - 116. Let m be j(-2). Let p be 2/9 - (-25)/9. Suppose p*f + 2*w - m = -f, -4*w + 369 = f. Is f composite?
True
Let i(j) = -j**3 + 2*j**2 + 4*j + 1. Let c be i(3). Let q(h) = 60*h**2 - 5*h + 15. Is q(c) a prime number?
False
Let s = 872 - -1923. Suppose -s = -a + 3*z + z, 4*a 